n u is divided by 62?
12
Suppose -3*f - 582 = -3*z, -38*f - 594 = -3*z - 41*f. Calculate the remainder when 11953 is divided by z.
193
Let q(d) = d + 1. Let u(c) = 27*c**3 - c**2 - 7*c - 6. Let n(x) = -5*q(x) - u(x). What is the remainder when (-3 + -5)/(5/(-50)) is divided by n(-1)?
26
Let u(i) = i**2 - 7*i + 9. Let d be u(6). Suppose -t + 1 = -d, -3*t = 5*c - 82. Calculate the remainder when 6/(-51) - (-2)/17 - -54 is divided by c.
12
Suppose -2*w = g - 12, 2*w = 4*g - 6*g + 20. Let h(u) = 98*u - 1. Calculate the remainder when h(4) is divided by g.
7
Calculate the remainder when 3702 is divided by (-52)/(-21 + 40 - 23).
10
Suppose 0 = 39*v + 50*v - 111*v + 1298. Suppose 6 = 3*p - 12. Calculate the remainder when v is divided by p.
5
What is the remainder when (-4206)/(14/15 + (-536)/335) is divided by 39?
30
Suppose -22*c - 2*u - 204 = -26*c, 5*c - 270 = -5*u. Calculate the remainder when c is divided by 52.
0
Suppose 24*h - 2937 = -243*h. What is the remainder when 242 is divided by h?
0
Suppose -10*z - 4*a - 18 = -9*z, 0 = -z + 3*a + 17. Suppose -2*d = -z*c + 258, 3*c + 5*d - 507 = -c. Calculate the remainder when c is divided by 13.
11
Let c(o) = -o**2 + 13*o + 10. Let z be c(14). Let v = 64 + -72. What is the remainder when 35 is divided by 156/v*z/6?
9
Suppose x - 45 = -2. Let i(l) = -12*l**3 + 23*l**3 - 4*l**2 - 11*l + 9 - 10*l**3. Calculate the remainder when x is divided by i(6).
13
Let o = 69 + -55. Suppose -s + 23 = -o. Calculate the remainder when s is divided by 13.
11
Suppose -4*n = -10 - 6, 4*d - n - 1128 = 0. Let z = d - 247. What is the remainder when 178 is divided by z?
34
Let i(l) = 3*l**2 - 23*l + 58. Let f be i(18). Let x = f + -516. Calculate the remainder when x is divided by 22.
12
Let n(f) = 11*f**2 - 8*f + 14. Let l be n(5). Suppose 81 = -3*y + l. Suppose -d + y - 33 = 0. What is the remainder when 87 is divided by d?
18
Let z(w) = -8*w**2 - 202*w - 39. Suppose 7*m = m + 510. Calculate the remainder when m is divided by z(-25).
8
Let p be (1 + -2 - -6) + (-305 - -1157). Suppose -173 + p = 12*l. Calculate the remainder when l is divided by 4.
1
Let i(q) = q**3 + 9*q**2 + 6. Let d be i(-9). Calculate the remainder when (-66)/(-11)*(240/18)/8 is divided by 64/12 + (-2)/d.
0
Suppose 0 = -24*r + 240. Suppose -r*q - 2886 = -23*q. Calculate the remainder when q is divided by 28.
26
Let t be (-8)/(-36) + 5736/(-54). Let u = 102 + t. Let x(q) = -q**3 + q**2 + 9*q + 1. What is the remainder when x(u) is divided by 24?
21
Calculate the remainder when 451 is divided by (-1)/8 - (45/135 + (-6454)/48).
49
Let o(y) = 3*y - 50. Suppose 4*t = -3*i + 52, 0 = -2*i + i - 2*t + 20. What is the remainder when 19 + (i/(-4) - 0 - -3) is divided by o(20)?
9
Let v(m) = 5*m**2 + 2*m + 1. Let t = 81 + -78. Let w(j) = j**2 - 4*j + 2. Let q be w(t). Calculate the remainder when 30 is divided by v(q).
2
Let t(l) = 7*l - 114. Let c be t(17). Suppose q - 117 = -2*u, -109 = -c*q + 2*u + 476. Calculate the remainder when q is divided by 21.
12
Let r = -72 - -28. Let m be r/(-12) + (25/(-15) - -1). Suppose 0 = -k, 0 = -m*w - 5*k + 312. Calculate the remainder when w is divided by 21.
20
Let j(o) = 247*o**2 + 19*o + 145. What is the remainder when j(-4) is divided by 66?
61
Let v be (-8 - -6) + (2 - -2). Let a = -13 - -102. Suppose 12*u - 5*s - a = 11*u, u + v*s = 96. What is the remainder when u is divided by 8?
6
Let r(p) = -229*p + 6239. Calculate the remainder when 1142 is divided by r(27).
22
Suppose -4*g = -r - 1666, r + 421 = 95*g - 94*g. What is the remainder when g is divided by 393?
22
Suppose 0 = -2*a + 25 - 185. Let y be 56/336 + ((-1)/(-2) - (-4)/(-6)). Let o = y - a. Calculate the remainder when o is divided by 28.
24
Let n = -1519 + 2517. What is the remainder when n is divided by 76?
10
Let t(w) = -w**2 + 33*w - 30. Calculate the remainder when 750 is divided by t(28).
90
Suppose -8*j - 3493 = -3885. Calculate the remainder when j is divided by 14.
7
Let t(o) = -5*o - 17. Let s(n) = -3*n**2 + 3*n - 8. Let d be s(0). What is the remainder when 38 is divided by t(d)?
15
Let n(k) = -k**3 - k**2 + 50. Let a be 6*((-10)/15)/(-2). Calculate the remainder when (438/(-4*(-3)/8))/a is divided by n(0).
46
Suppose -4*v - 17 = -4*z + 55, 3*z - 2*v - 50 = 0. Let r = 1432 + -1393. Calculate the remainder when r is divided by z.
11
Let n(z) = 7*z**2 + 48*z - 658. Calculate the remainder when 6163 is divided by n(7).
10
Suppose -14*y = -12*y + 12*y - 266. Let j(c) be the first derivative of 11*c**2/2 - 8*c + 3. What is the remainder when j(4) is divided by y?
17
Suppose -45*h - 68*h + 3842 = 0. What is the remainder when 657 is divided by h?
11
Let o = -43 + 23. Let f be (o + 6)*(-2 + 1). What is the remainder when (24/(-10))/(f/(-280)) is divided by 26?
22
Let p = 103 - 64. Calculate the remainder when p is divided by 1072/88 + (-4)/22.
3
Suppose -46*o + 1402 = -33*o - 5*x, -4*o + 451 = 5*x. Calculate the remainder when o is divided by 2/6 - (-167)/3.
53
Let a = 24490 - 24426. Calculate the remainder when a is divided by 36.
28
Suppose 6*j - 69 = -51. Calculate the remainder when j*(-2)/39 - (-5075)/455 is divided by 7.
4
Let y be ((-315)/50 + 6)*-10. Let x be 2/8 + (-57)/(-12). Suppose 0 = -3*d + x*d + t - 153, -15 = y*t. What is the remainder when d is divided by 40?
39
What is the remainder when (1*119)/(((-37)/148)/((-21)/6)) is divided by 3?
1
Let u be 22/(-1) - (-2 - 0). Suppose -k = 50 - 88. Let r = u + k. What is the remainder when 46 is divided by r?
10
Suppose -5*s + 8 + 7 = 0. Let p be -16*(-3 - -7*3/6). Calculate the remainder when p/14 - 243/(-21) is divided by s.
2
Let v(f) be the first derivative of f**2/2 - 76*f - 21. Let p be v(-20). What is the remainder when 64 is divided by ((-5)/(30/52))/(64/p)?
12
Let i(x) = -2*x**2 + 11*x + 9. Let t be i(6). Let d(p) = -p**3 - 4*p**2 - 2*p. Calculate the remainder when d(-5) is divided by 15*t/75 - 174/(-10).
17
Suppose -593*h = -571*h - 286. Let q = 64 + -27. Calculate the remainder when q is divided by h.
11
Let h = -57 - -297. Let t be (h/(-16))/((-3)/2). What is the remainder when 8/t - (-12736)/80 is divided by 33?
28
Suppose 0 = 278*g - 294*g + 672. Calculate the remainder when 914 is divided by g.
32
Suppose 26*h - 14*h = 672. Suppose -576 = 3*j - 7*j. Suppose -8*y + j = h. What is the remainder when 29 is divided by y?
7
Let c(p) = -p**2 + 5*p - 4. Let s be c(4). Let y(m) = 21*m + 88. Let q be y(-4). Suppose 236 = q*k - s*k. Calculate the remainder when k is divided by 21.
17
Calculate the remainder when (41/(-2))/(3/(-6)) is divided by 27*(-17)/(-119)*7.
14
Suppose 17*d = 37*d + 16840. Let y = -830 - d. Suppose 2*r - 8 = r. What is the remainder when y is divided by r?
4
Let m(a) = -a**2 - 9*a - 14. Let u = -478 - -472. Calculate the remainder when 21 is divided by m(u).
1
Suppose 73*f + 512 = 98*f - 188. Calculate the remainder when 1003 is divided by f.
23
Let b be (-23)/(4/(-10) + 119/210). Calculate the remainder when (18032/b)/(2/(-3)) is divided by 50.
46
Let i = -180 - -202. Calculate the remainder when i is divided by (-6)/(-9) + 0 + (-84)/(-9).
2
Suppose 0 = 2*u + 3*a - 149, 2*u = 6*u + 4*a - 292. Suppose -34 = 3*h - u. Let f = -26 - -47. Calculate the remainder when f is divided by h.
9
Let k be (-9 - 0)/(-3) - 326/(-1). Let q = 336 - k. Suppose -4*h + 105 = 3*a, -4*a + 186 = 4*h + 42. What is the remainder when a is divided by q?
4
Let o(i) = 3*i**3 - 3*i**2 + 3*i. Suppose 0 = 2*u - 3*b + 2*b - 3, u = 2*b. Suppose 13*d = -80 + 977. Calculate the remainder when d is divided by o(u).
15
Suppose -89*u + 184 = -2308. Calculate the remainder when 3216 is divided by u.
24
Suppose -4*b + 24 = -0*b. Suppose -9*x - 56 = -13*x. Let m = b + x. What is the remainder when 76 is divided by m?
16
Let f(j) = 20*j - 72. Let c be 11/(-165)*-81 - (-4)/(-10). What is the remainder when 76 is divided by f(c)?
20
Let n(j) = -j**3 - 55*j**2 - 295*j - 29. What is the remainder when 838 is divided by n(-49)?
18
Suppose -22 = p - h, -4*p + 3*p - 3*h - 38 = 0. Let r = 34 + p. Suppose -5*t + 3*g = -g - 211, 3*t = -2*g + 109. Calculate the remainder when t is divided by r.
7
Let x(c) = 14*c - 28. Let b be x(3). Suppose -b*q = 5*q - 1444. What is the remainder when q is divided by 40?
36
Let a(d) = 